base 16) in base 8?
-46553
What is -542 (base 16) in base 9?
-1755
11211111 (base 4) to base 7
123450
Convert -2250 (base 6) to base 4.
-20112
What is -10001001 (base 2) in base 10?
-137
Convert -139 (base 12) to base 16.
-bd
786 (base 11) to base 5
12231
114716 (base 8) to base 11
27645
Convert 314244 (base 7) to base 4.
31100310
Convert -160310 (base 7) to base 6.
-401115
What is 251 (base 8) in base 6?
441
What is 2010102 (base 3) in base 15?
6d5
Convert -1121133 (base 4) to base 16.
-165f
2050 (base 9) to base 7
4245
Convert 1220431 (base 5) to base 11.
16509
cb (base 15) to base 3
21002
1011010110 (base 2) to base 7
2055
110111100001100 (base 2) to base 10
28428
Convert -416 (base 11) to base 4.
-13311
What is -1abac (base 13) in base 3?
-2200001122
-45674 (base 8) to base 9
-28532
Convert 110 (base 10) to base 14.
7c
What is 65657 (base 8) in base 14?
a091
Convert 10342 (base 6) to base 13.
860
Convert -c92 (base 16) to base 14.
-125c
What is -3038 (base 9) in base 14?
-b4a
What is -1022 (base 6) in base 16?
-e6
Convert -8166 (base 9) to base 5.
-142343
Convert -346 (base 14) to base 8.
-1212
What is -12201212 (base 3) in base 9?
-5655
Convert 10110220 (base 3) to base 6.
15423
Convert 264b (base 14) to base 9.
10208
-32636 (base 9) to base 7
-120102
-5934 (base 10) to base 9
-8123
-30200 (base 7) to base 10
-7301
What is -a2 (base 11) in base 6?
-304
Convert -101101010011000 (base 2) to base 15.
-6d12
Convert -2757 (base 8) to base 9.
-2067
Convert 11779 (base 12) to base 16.
5c0d
65322 (base 7) to base 3
211100010
What is -26316 (base 7) in base 3?
-100122000
What is 113023 (base 4) in base 16?
5cb
What is -236 (base 11) in base 9?
-342
Convert 352523 (base 6) to base 7.
154506
Convert -11212 (base 6) to base 12.
-b08
What is 11010110 (base 2) in base 9?
257
Convert -100101010001001 (base 2) to base 13.
-88ba
-118b (base 15) to base 6
-25135
Convert 141e (base 15) to base 9.
5812
Convert 4118 (base 10) to base 12.
2472
Convert -250 (base 15) to base 6.
-2233
-205 (base 6) to base 13
-5c
1441 (base 8) to base 2
1100100001
What is -532 (base 11) in base 15?
-2ca
-1005 (base 7) to base 6
-1340
What is -3603 (base 12) in base 14?
-22c3
Convert 17736 (base 9) to base 14.
4680
What is -598 (base 11) in base 14?
-38c
Convert 2020111 (base 3) to base 4.
121201
Convert 1053 (base 14) to base 3.
10212100
351a (base 15) to base 13
5194
Convert 75 (base 10) to base 16.
4b
-1200102010 (base 3) to base 12
-171a9
-3751 (base 8) to base 7
-5622
What is 2823 (base 12) in base 14?
1991
What is -3021 (base 4) in base 6?
-533
-5a7 (base 12) to base 15
-3b7
-211002 (base 3) to base 8
-1124
What is -1548b (base 13) in base 3?
-2001022222
What is 100011011 (base 2) in base 10?
283
What is -826 (base 16) in base 5?
-31321
Convert -106a (base 12) to base 9.
-2431
What is -2933 (base 10) in base 8?
-5565
Convert -6296 (base 13) to base 8.
-32513
What is 334414 (base 5) in base 7?
46401
What is 36445 (base 8) in base 12?
9085
1076 (base 10) to base 16
434
Convert 10110101101111 (base 2) to base 3.
120221210
-3380 (base 13) to base 6
-53202
Convert 111000 (base 3) to base 9.
430
Convert -1a46 (base 14) to base 13.
-2228
Convert -21311 (base 4) to base 6.
-2525
What is -9751 (base 13) in base 11?
-14881
Convert -10001 (base 4) to base 10.
-257
24405 (base 7) to base 3
22202010
-52212 (base 6) to base 2
-1101101010000
8275 (base 12) to base 16
3779
Convert -630b (base 12) to base 14.
-3d23
Convert 340d (base 15) to base 11.
8325
Convert -107b6 (base 14) to base 8.
-116014
Convert 15776 (base 10) to base 4.
3312200
What is 622 (base 8) in base 9?
486
1ca (base 16) to base 7
1223
-65427 (base 9) to base 13
-16975
-111124 (base 5) to base 2
-111101001010
Convert 590 (base 15) to base 5.
20020
What is 360c (base 14) in base 13?
4398
What is -2501 (base 8) in base 10?
-1345
What is -7133 (base 9) in base 13?
-24b1
Convert -4042 (base 7) to base 15.
-637
What is 44134 (base 5) in base 6?
22032
What is -9195 (base 10) in base 4?
-2033223
-25202 (base 6) to base 16
-ea2
Convert -700 (base 12) to base 4.
-33300
-10010 (base 9) to base 13
-2cb5
Convert 117068 (base 9) to base 11.
491a1
What is 1012020 (base 4) in base 12?
2720
Convert 6252 (base 12) to base 3.
112200222
What is -9d8 (base 15) in base 16?
-8b4
What is -1840 (base 11) in base 15?
-a63
Convert -51433 (base 7) to base 12.
-7334
What is -5467 (base 11) in base 7?
-30012
523 (base 8) to base 11
289
-21020000 (base 3) to base 15
-1860
Convert 64600 (base 7) to base 6.
202224
4121211 (base 5) to base 2
10000010111110000
20842 (base 9) to base 10
13808
What is 1011001010101 (base 2) in base 7?
22445
-391 (base 14) to base 7
-2041
-53513 (base 6) to base 9
-11030
Convert 6200 (base 7) to base 10.
2156
What is -1001001001101 (base 2) in base 4?
-1021031
What is 142304 (base 5) in base 12?
3542
Convert -da23 (base 15) to base 5.
-2434113
What is -21120 (base 5) in base 8?
-2602
Convert -1100110001010010 (base 2) to base 6.
-1042054
316b (base 12) to base 11
407a
-2656 (base 7) to base 9
-1354
What is -15c (base 14) in base 15?
-138
Convert -5b0c (base 16) to base 9.
-34867
-21b (base 15) to base 9
-578
What is -6266 (base 9) in base 13?
-2127
Convert 1a47 (base 13) to base 8.
7552
What is -67c7 (base 15) in base 12?
-108a4
2140 (base 7) to base 10
763
Convert -9862 (base 12) to base 7.
-66626
a93 (base 12) to base 7
4344
What is -17 (base 15) in base 9?
-24
-1122011222 (base 3) to base 16
-7dd2
What is -2030 (base 4) in base 13?
-aa
What is 12191 (base 12) in base 6?
305101
What is 19ed (base 16) in base 4?
1213231
Convert 1010001000100 (base 2) to base 9.
7104
What is 2102130 (base 4) in base 6?
111220
Convert 10301 (base 8) to base 7.
15335
What is 11020102 (base 3) in base 4?
300101
Convert 4c70 (base 16) to base 13.
8ba3
What is -803 (base 10) in base 15?
-388
9a12 (base 15) to base 8
77602
377 (base 8) to base 2
11111111
-254c (base 15) to base 5
-223242
What is -45 (base 11) in base 12?
-41
Convert -1166 (base 7) to base 5.
-3230
-14a1d (base 14) to base 12
-25897
What is 257 (base 10) in base 16?
101
-23252 (base 6) to base 10
-3344
What is -47000 (base 8) in base 14?
-73c4
What is 1111001000110011 (base 2) in base 12?
2ba6b
6c (base 15) to base 7
204
-13431 (base 7) to base 11
-2817
What is 2334 (base 5) in base 15?
17e
What is -606 (base 13) in base 14?
-52c
What is -13100 (base 4) in base 10?
-464
4a7 (base 11) to base 12
421
Convert -261 (base 14) to base 4.
-13131
56a5 (base 13) to base 9
17572
What is 2420 (base 9) in base 10?
1800
Convert 20020 (base 5) to base 10.
1260
Convert 1102 (base 9) to base 16.
32c
Convert 11243 (base 5) to base 12.
587
-1321 (base 4) to base 5
-441
Convert -10110011000010 (base 2) to base 7.
-45256
What is 1e0d (base 16) in base 8?
17015
-48 (base 9) to base 6
-112
What is 225 (base 15) in base 10?
485
4002 (base 10) to base 8
7642
-11020211 (base 4) to base 10
-21029
Convert -3203 (base 4) to base 6.
-1015
-13c2 (base 15) to base 11
-31a8
Convert -332 (base 7) to base 12.
-122
-66c6 (base 13) to base 2
-11100000010110
-209a (base 11) to base 14
-101d
What is -2554 (base 7) in base 4?
-33022
-20001 (base 5) to base 6
-5443
What is -6320 (base 8) in base 13?
-1654
32d (base 16) to base 14
421
Convert -11550 (base 6) to base 11.
-1326
Convert a1d3 (base 15) to base 11.
23747
Convert 56265 (base 10) to base 2.
1101101111001001
-111122 (base 3) to base 14
-1c4
Convert -5a75 (base 15) to base 6.
-225015
Convert -213362 (base 7) to base 15.
-b075
What is 12314 (base 8) in base 6?
40352
1371 (base 8) to base 15
35b
What is 364 (base 15) in base 14?
3cd
What is -115110 (base 7) in base 15?
-6339
Convert 111 (base 10) to base 11.
a1
-2120022 (base 5) to base 12
-18759
-3444 (base 6) to base 11
-686
What is -5740 (base 13) in base 14?
-464c
What is -33354 (base 6) in base 15?
-15bd
What is 1332 (base 5) in base 15?
e7
What is -1113200 (base 4) in base 11?
-4231
18ad (base 16) to base 11
4823
Convert 724 (base 12) to base 11.
862
Convert 213 (base 13) to base 6.
1350
What is 43474 (base 8) in base 2?
100011100111100
Convert -12210 (base 4) to base 8.
-644
-120110020 (base 3) to base 12
-6629
Convert -35871 (base 9) to base 15.
-71ca
What is 468 (base 12) in base 8?
1220
-813c (base 14)